= -4*z + t*z + 74. List the prime factors of z.
37
Let l be 2 + (-4 + 4 - (1 - 1)). What are the prime factors of -72*(-10 - -12)/(l/(-1))?
2, 3
Suppose 10*o - 1029 = 411. What are the prime factors of o?
2, 3
Let q(t) = -5*t - 15. Let m be ((-3)/(-5))/((-9)/(-135)). Let g be q(m). Let i = g + 98. List the prime factors of i.
2, 19
Let w(j) be the first derivative of -13*j**2 + 15*j + 14. What are the prime factors of w(-9)?
3, 83
Let x(p) be the second derivative of -4*p**3/3 + 13*p**2/2 + 12*p. Suppose 5 = -3*w - 4*c, 0 = w + 2*w + 5*c + 1. What are the prime factors of x(w)?
3, 23
Suppose -a - 10 = -6*a. Suppose 3*f - 3*j = 54 + 354, 0 = 5*f + a*j - 645. What are the prime factors of f?
131
Let y(l) = l**2 + l - 1. Let m be y(-3). Suppose -2*s = -m*d + 3*d + 96, -5*s = -2*d + 102. What are the prime factors of d?
2, 23
Let q = 1794 + -785. List the prime factors of q.
1009
Let d = 1348 + -958. What are the prime factors of d?
2, 3, 5, 13
Let a = 77 + -61. Suppose 5*w + 213 = q, -2*q + 419 = -w - a. What are the prime factors of q?
2, 109
List the prime factors of (-18)/45 + 0 + (-762)/(-5).
2, 19
Let f be (1 + 18 - -2) + -3. Suppose -24 = 3*k + f. Let v = k + 38. What are the prime factors of v?
2, 3
What are the prime factors of ((-4)/8)/((-3)/2898)?
3, 7, 23
Let z(n) = 9*n**2 + 61*n + 19. What are the prime factors of z(-11)?
19, 23
Let j = 13 - 9. Suppose 4*w + 4*z = 0, j*w - 3*z - 20 = -2*z. Suppose 0 = w*u + 4*q - 168, q - 138 = -3*u + 4*q. What are the prime factors of u?
2, 11
Let r(p) = 7*p - 6. Let g be r(6). Let w = g - 61. Let t = w - -36. What are the prime factors of t?
11
Let g(d) = d**3 + 7*d**2 + 5. Let a be g(-7). Suppose 5*s = w + 10 + a, 0 = -4*s + 5*w - 9. What are the prime factors of (s/(-2))/(6/(-66))?
2, 11
Let p(l) = 4*l**3 + l**2 + 10*l + 14. Let s be p(5). Let v = -415 + s. List the prime factors of v.
2, 3, 29
Let s(r) = -2*r - 66. Let a be s(-27). Let k = -4 + 2. What are the prime factors of k*2 + (-2 - a)?
2, 3
Let x be 2/6 - 6/(-9). Suppose -a = x - 4. Suppose 2*c = a*c - 10. List the prime factors of c.
2, 5
Let z = 15 - -33. What are the prime factors of (3040/z)/(2/3)?
5, 19
What are the prime factors of ((-42)/(-9))/(935/465 - 2)?
2, 7, 31
Suppose 3640 = -12*k + 20*k. Let q = k - 235. List the prime factors of q.
2, 5, 11
Let j(t) = -6*t - 33. Let c be j(-6). Suppose 0 = c*a - 6, -4*a - 586 = -5*w - 2*a. What are the prime factors of w?
2, 59
Let k(q) = 2*q + 10. Let h be k(-5). Suppose h + 2 = 2*c. What are the prime factors of (-169)/(-39) - c/3?
2
Let g = -5272 - -9034. What are the prime factors of g?
2, 3, 11, 19
Suppose 6*z - 1728 = 984. List the prime factors of z.
2, 113
Suppose -2*i - 4 = -3*r, -2*i + 0*i - 4*r = -24. Suppose 0 = i*p + 12, u - 6*u - 4*p + 343 = 0. What are the prime factors of u?
71
Let o = -53 + 53. Suppose -4*m + 2*d - d + 422 = o, 2*m = 4*d + 204. What are the prime factors of m?
2, 53
Let l(x) = 184*x**2 - 5*x - 3. Let j be l(3). Suppose j = -m + 10*m. What are the prime factors of m?
2, 7, 13
Let y = 3381 + -995. What are the prime factors of y?
2, 1193
Suppose -15 = -7*c + 2*c, -3*l + 5*c + 15 = 0. Let m = 5 + -11. List the prime factors of l/15 + (-86)/m.
3, 5
Let w = 407 + 499. What are the prime factors of w?
2, 3, 151
Suppose -3*h - 3*l = -12, -5 - 3 = 4*l. Let j(p) = -8 - 8*p - h + 0 + p**2. What are the prime factors of j(10)?
2, 3
Let o(u) = 3*u**2. Let a be o(-1). Suppose 3*w + 1 = -5*r + 2, -w - a = 0. Suppose 3*y - g = 87, 0*y + 4*g - 58 = -r*y. List the prime factors of y.
29
Let r(f) = f**3 + 15*f**2 + 12*f - 24. Let i be r(-14). Suppose -4*a = i*u - 8*a - 220, -5*u + 3*a = -267. List the prime factors of u.
3, 17
Let p(b) = 64*b + 93. What are the prime factors of p(8)?
5, 11
Let y(u) = -3*u**3 + u**2 + u + 1. Let m be y(-2). Let g(f) = 22*f**2 - 4*f - 4. Let q be g(-1). Let s = m - q. What are the prime factors of s?
5
Suppose -48914 = -24*r - 13*r. What are the prime factors of r?
2, 661
Let t(z) = 241*z**2 - 2. Let a be t(-1). Let k = -163 + a. What are the prime factors of k?
2, 19
Let w = 231 - -204. List the prime factors of w.
3, 5, 29
Let h(f) = f**3 - 29*f**2 - 49*f + 64. List the prime factors of h(31).
467
Suppose 49592 = 8*d + 16680. What are the prime factors of d?
2, 11, 17
What are the prime factors of -175*((-350)/(-49) + -8)?
2, 3, 5
Suppose 1 = -5*h - 14. Let w be ((-12)/(-3) - h) + -2. Let g = 61 + w. What are the prime factors of g?
2, 3, 11
Suppose 10*x = 1 + 29. Suppose 0 = 4*w - 4, 0 = -k - x*k - 4*w + 504. List the prime factors of k.
5
Let m = 233 - 211. List the prime factors of m.
2, 11
Suppose 4*b = 2220 + 7192. What are the prime factors of b?
13, 181
Let a be (-5)/((-50)/16)*10/(-4). List the prime factors of 84/(-21) - (1 + 46)*a.
2, 23
Let d = 22 + -19. Suppose o + 1 = -4*s, 5*s - 3 = -d*o + 1. Suppose b = o*b - 86. List the prime factors of b.
43
Let a(h) = 11*h + 69. Let l be a(-6). List the prime factors of 2/l*(-268)/24*-27.
3, 67
Let y(t) = 5*t**2 + 2*t - 8. Let f be y(5). Let w = f - -57. List the prime factors of w.
2, 23
Suppose -2*d = -13*z + 9*z - 4066, 2*d + 6*z - 4086 = 0. What are the prime factors of d?
3, 7, 97
Let o be 3*(-7)/((-84)/8). Suppose -g + 6 = o*g. Suppose 0 = 2*y - 3*n - 18, 0*y = -g*y + 4*n + 14. What are the prime factors of y?
3, 5
Let v(i) = -2*i - 2*i + 6 + 4*i - 2*i. Let j be v(5). List the prime factors of (62/j)/(5/(-10)).
31
Suppose 0 = c, -2*c = 3*a - 7*c + 48. Let v = a + 13. List the prime factors of ((-29)/v + -2)*3.
23
Let i = 388 - 309. List the prime factors of i.
79
What are the prime factors of (-3*(-8)/24)/((-1)/(-206))?
2, 103
Suppose -4*y - 2 - 55 = 5*h, 0 = 5*h - y + 42. Let z be (-3)/h*-1*9. Let s = 5 + z. What are the prime factors of s?
2
List the prime factors of (310/(-186))/((4/2)/(-4206)).
5, 701
Let a(v) = -v**3 + 14*v**2 - v + 16. Let b be a(14). Suppose 3*j + 0*j - b*g = 130, j - g = 42. List the prime factors of j.
2, 23
Let x be (-12)/16 + ((-678)/(-8))/(-3). Let q be 6/(-9)*-3 - -34. Let z = x + q. What are the prime factors of z?
7
Suppose -2*c + 208 + 0 = 0. Let y = c - 46. List the prime factors of y.
2, 29
Suppose 19 = 3*l + 7. Suppose -3*r - 2*r = -2*z + 80, l*z - 132 = -4*r. List the prime factors of z.
5, 7
Let k(z) be the third derivative of z**4/6 + 67*z**3/6 - z**2. What are the prime factors of k(0)?
67
Suppose -249 = 3*k - 369. What are the prime factors of k?
2, 5
Let s(w) = 8*w**2 + 3*w + 11. List the prime factors of s(-6).
281
Let l(v) = -1263*v**3 + v**2 + 9*v + 9. List the prime factors of l(-1).
2, 79
Let g = -24 - -24. Suppose 364 = -g*o + 4*o. List the prime factors of o.
7, 13
Suppose -9*f + 3*a = -12*f + 1371, 1821 = 4*f - 3*a. What are the prime factors of f?
2, 3, 19
Suppose 4*r = 3*t - 3, 4*t - 3*t + 10 = 5*r. Suppose -2*j + 3*y = -11 - 556, 0 = -4*j - r*y + 1179. What are the prime factors of j?
3, 97
Suppose 89*q = 74*q + 11955. List the prime factors of q.
797
Let h(k) = k**2 + 4*k - 8. Let m be h(3). Suppose m*l = d + 16*l - 67, 391 = 5*d + l. List the prime factors of d.
79
Let o be (-1)/((-78)/36 - (-1 - 1)). Suppose 11*k = o*k + 1175. What are the prime factors of k?
5, 47
Let b(k) be the first derivative of -k**3/3 - 11*k**2/2 - 4*k - 1. Let x be 13/((-234)/(-60))*(-3 - 0). What are the prime factors of b(x)?
2, 3
Suppose -2*n + 0*h + 15 = 3*h, -n + 7 = h. Suppose 0*i - n = -2*i. Suppose 0 = -i*f + 79 - 10. What are the prime factors of f?
23
Suppose 2*r + 808 = 2448. What are the prime factors of r?
2, 5, 41
Suppose -5263 = -2*a + 35. List the prime factors of a.
3, 883
Let o(p) = 47*p + 72. What are the prime factors of o(13)?
683
What are the prime factors of 319/2 + 0 + (-22)/44?
3, 53
Suppose 0 = -3*x + l + 1411, 3*x = 4*l - 8*l + 1436. List the prime factors of x.
2, 59
Let c(m) = m**3 - 4*m**2 + 3*m - 6. Let p be c(4). Let i(z) = 3*z - 6*z + p*z - 7 - 2*z. What are the prime factors of i(11)?
2
Suppose -2*f - 299 = 3*d - 7*f, -f + 211 = -2*d. List the prime factors of (-18936)/d - (-2)/3.
2, 11
Suppose -6*l = 9*l - 2805. List the prime factors of l.
11, 17
Let g(o) = o**2 + 4*o + 20. Let k be -11 - (-7 - 0 - -4). What are the prime factors of g(k)?
2, 13
Let n(k) = k**3 - 5*k**2 + 4*k - 12. Let w be n(4). List the prime fac